 w(k) = -k**2 + k + 30. Let o be w(0). Suppose -3*l + o = -l. What is the units digit of l?
5
Let r = 6 + -2. Suppose -a - n - 1 = -3*n, r*a - 36 = -2*n. Let o = a - 4. What is the units digit of o?
3
Let a be ((-136)/6)/(2/(-3)). Let v = 52 - a. What is the units digit of v?
8
Let z(l) = -l**2 - 21*l + 26. What is the tens digit of z(-18)?
8
Let i be (-2)/(-3) - (-508)/(-6). Let p = i + 45. Let y = -27 - p. What is the units digit of y?
2
Suppose 4*t - 10 = 2*h - 0*t, -2*h = 4*t - 22. What is the units digit of (26/6)/(1/h)?
3
Let f(k) = 5*k - 2. Suppose -4*z - 6 - 16 = -5*x, 4*x + 3*z + 1 = 0. Let u be f(x). Suppose -y + 1 = -u. What is the units digit of y?
9
Suppose -o + 18 = -12. What is the units digit of (o - 7) + 1 + 2?
6
Let j be (2 - 2) + 0 + -1. Let b = 2 + j. What is the units digit of (0 - -1)/(0 + b)?
1
Suppose -3*x = -223 - 413. What is the units digit of x?
2
Suppose y + 0*y = 29. Let t = y - -13. Let k = -28 + t. What is the tens digit of k?
1
Let p(w) = 7*w - 1. Let q be p(6). Suppose -4*u = -q + 9. What is the units digit of u?
8
Let z be 3/12 - (-30)/8. Suppose -z*x + 53 = -23. What is the units digit of x?
9
Let m(p) be the third derivative of p**6/120 + p**5/30 - p**4/12 + p**3/6 - p**2. Let c be m(-2). Suppose 0*x + c = x. What is the units digit of x?
5
Let d be 42/18 - 1/3. What is the units digit of d/((-4)/352*-4)?
4
Suppose 801 = -5*r + 8*r. What is the tens digit of r?
6
Let r(t) be the third derivative of -t**4/6 - 4*t**3/3 - 2*t**2. Let x(u) = u. Let c(s) = -r(s) - 3*x(s). What is the tens digit of c(6)?
1
Suppose 0*v = -3*v + 3*q + 111, 5*q = -5*v + 195. What is the tens digit of v?
3
Suppose 5*q - 612 - 593 = 0. What is the units digit of q?
1
Suppose 4*m + 176 = 2*j + 2*j, m = -5*j - 68. What is the units digit of 4/(m/172)*-3?
3
Let w(p) = -3*p**3 - p**2 - p - 1. Let m(g) = -g**2 + 5*g - 1. Let l be m(5). What is the units digit of w(l)?
2
Let i be 138*(5/3)/1. Suppose -4*c - 4 = 0, -i = -5*v + 7*c - 2*c. What is the units digit of v?
5
Let a(m) = -m**2 - 7*m - 6. Let c be a(-4). Suppose 0 = -c*j + 3*j + 105. What is the tens digit of j?
3
Suppose -5*n = 4*r - 436, -5*n = -3*n + 2*r - 174. What is the units digit of n?
8
Let a be 2/6 - (-33)/9. Suppose a*s - 16 = 12. What is the units digit of s?
7
Suppose -4*p = 2*l - 60, -3*l = l + 3*p - 115. Let c = l + -15. What is the tens digit of c?
1
Let y(v) = v**2 - 9*v. What is the tens digit of y(10)?
1
What is the hundreds digit of -5 - -217 - (1 + (0 - -1))?
2
Suppose -6*m + m = 3*z - 273, 0 = z - m - 83. What is the units digit of z?
6
Let d(t) = t**3 - 2*t**2 + t + 2. Let u be d(2). Suppose 4*z = 4, 0*z = u*a + 4*z - 24. Let k = 8 - a. What is the units digit of k?
3
Let t(a) = -3*a + 7. Let p be t(-6). Let d = -15 + p. What is the units digit of d?
0
Let f(u) = -u**2 + 5*u - 1. Let z be f(5). Let p = 3 - z. Suppose 0 = -2*s + 2 + 6, -4*m + 5*s + p = 0. What is the units digit of m?
6
Suppose -3*d - 12 = 0, 4*p - 156 = -6*d + d. What is the units digit of p?
4
Let p = 33 - -12. What is the units digit of p?
5
Suppose -4*v + 3*s + 23 = 0, -4*v + 3*s - 2*s + 29 = 0. Suppose 3*l = -4*c - l + 32, -4*l = c - 11. Suppose v = o - c. What is the tens digit of o?
1
Suppose -j = -4*m - 20, 4*j - 46 = -0*j - m. What is the units digit of 3/j + 22/8?
3
Let u be (-3)/(-1) - (-5 - -3). Suppose 0 = 2*h + 3*l - 26, 3*h - u*l = -19 + 77. What is the tens digit of h?
1
Let g(k) be the second derivative of k**3/6 + 6*k**2 + 2*k. Let v be g(-6). What is the units digit of (-5)/5 + 0 + v?
5
Let n(i) = 18*i - 1. Let g be n(1). Suppose -3*l = -2*l - g. What is the tens digit of l?
1
Suppose 2*k + k - 75 = 0. Suppose -k - 50 = -3*v. What is the units digit of v?
5
Let u(b) = b**2 - 3*b - 1. What is the units digit of u(-6)?
3
Let f be (-636)/(-10) + 24/(-40). Let l = 3 + 2. Suppose -3*u = 4*p - 79, 27 = l*p + 2*u - f. What is the units digit of p?
6
Let z = -5 - -2. What is the tens digit of (-5 - -23)*(-10)/z?
6
Let c(p) be the second derivative of p**5/20 - p**3/6 + 4*p**2 - p. Let a be c(0). Suppose w - a = -2. What is the units digit of w?
6
Suppose 0 = 4*l + 3*s - s, 0 = 4*l - 4*s. Suppose 0 = -5*k - 15, l*g = -g + k - 5. What is the units digit of 2/3 - g/6?
2
Suppose 5*k - k = 396. What is the tens digit of k?
9
Suppose -3*c - 8 + 32 = 0. Let d = 44 - 30. Let g = d - c. What is the units digit of g?
6
Let f(i) = -i - 1. Let y be f(-5). Let t = y - -38. What is the units digit of -3*(t/(-9) + 2)?
8
Suppose 371 - 1915 = -8*p. What is the hundreds digit of p?
1
Let g(y) = -16*y + 2. Let p be g(-2). Suppose 0 = -4*i - 2 + p. Suppose 0 = 4*f + 5*b - 36 + i, 2*b - 14 = -2*f. What is the units digit of f?
7
Let w(k) = 3*k + 2*k**2 - 4*k + 3 - 4. What is the units digit of w(3)?
4
Let d = 7 + 72. What is the units digit of d?
9
What is the units digit of 88 - (93/(-33) - 2/11)?
1
Suppose y - 2 = -4*b - 19, 5*y = -3*b. Let c be (-4 + 6)*y*1. Suppose 0 = -3*i - 0*i + c. What is the units digit of i?
2
Let k(b) = 63*b. Let s(d) be the third derivative of 3*d**4/4 + d**2. Let o(z) = -5*k(z) + 18*s(z). What is the units digit of o(1)?
9
Let v(b) = -4*b - 7*b + 78 - 13*b**2 - 64 - b**3. Suppose -3*p - 52 = -16. What is the units digit of v(p)?
2
Suppose 6*g - 702 - 216 = 0. What is the units digit of g?
3
Suppose -5*l + 5*b + 775 = 0, -b - 1 - 3 = 0. Suppose -3*q = 5*v - l, 8*v + 5 = 3*v. What is the units digit of q?
2
Let v(h) = -h**3 - 7*h**2 - 5*h - 15. What is the units digit of v(-7)?
0
Suppose 4*u - 4 = 12, -3*d + 4*u = -653. What is the hundreds digit of d?
2
Let d = -8 - -6. Let o = 3 - d. What is the units digit of o?
5
Let j(u) = u + 36. What is the units digit of j(0)?
6
Let i be (0 - 1) + (-3 - -19). Let l = i - 11. What is the units digit of l?
4
Let i be 3 + -1 + -3 + 1. Let h = 0 - i. Suppose -3*u = -4*x + 48, h = -0*x + 3*x - u - 36. What is the tens digit of x?
1
Let s be 2*(-1 + 33/2). Let v = -59 + s. Let n = -19 - v. What is the units digit of n?
9
What is the units digit of (525/(-10) + -4)*-2?
3
Let s(i) = -4*i + 1. Let a(k) = 3*k - 2. Let c(q) = -3*a(q) - 2*s(q). Let o(j) = -j**3 - 16*j**2 - 14*j + 9. Let b be o(-15). What is the tens digit of c(b)?
1
Suppose -52 = -3*l + 92. What is the tens digit of l?
4
Suppose -d + 7 = -5. Let n = 7 - 1. Suppose -2*w - d = -n*w. What is the units digit of w?
3
Let u = -20 + -40. Suppose -2*c - 5 = 3*c. What is the units digit of c/(-2*(-2)/u)?
5
Suppose -757 + 43 = -7*y. What is the units digit of y?
2
Suppose -196 = -6*s + 7*s - 4*o, o + 523 = -3*s. Let h be s/(-6) - 2/(-3). Suppose -a = -4*a + h. What is the units digit of a?
0
Suppose 2*a = -27 + 257. What is the hundreds digit of a?
1
Suppose t - 168 = -t + 2*x, 2*t = 4*x + 170. What is the tens digit of t?
8
Let u = 1 - -1. Suppose a - 4*m - 30 = -a, -4*a + 90 = -u*m. What is the units digit of a?
5
Let c(d) = 8*d**2 - 5*d - 41. What is the tens digit of c(6)?
1
Suppose 0 = 2*t - 3*x - 124, 4*x = -t + 34 + 17. What is the units digit of t?
9
Let v = -6 + 10. Suppose -2*o + 20 = -2*f - 18, v*o = -4*f - 36. What is the units digit of f/(-18) + (-4)/(-18)?
1
Let j(m) = 3*m**3 + 4. Let n be j(-3). Let x = -43 - n. What is the units digit of x?
4
Let y = 8 + 60. What is the tens digit of y?
6
What is the units digit of -1 + (102 + -1 - 5)?
5
Let y(u) = u**3 + 7*u**2 - 4*u - 8. What is the tens digit of y(-6)?
5
Suppose -4*b - b + 55 = 0. Suppose 5*r + 15 = 0, -5*f - b = -3*f + 5*r. What is the units digit of (5/f)/((-1)/(-2))?
5
Let u(n) = n**2 - 3*n - 3. What is the units digit of u(7)?
5
Suppose 4*u + 28 = -0*u. Let y = u + 18. What is the tens digit of y?
1
Suppose 0*y + 190 = 5*y. What is the tens digit of y?
3
Let m = 76 + -42. What is the units digit of m?
4
Let k(h) = 6*h**2 - 2*h. What is the tens digit of k(5)?
4
Let g be (0 + 4*-1)*1. Let w be 38*2/(0 + g). Let x = w + 29. What is the tens digit of x?
1
Let s(p) be the second derivative of -p**3/6 - 2*p**2 - 4*p. Let d = 1 + -10. What is the units digit of s(d)?
5
Suppose 0 = 2*l - 2*q - 0*q - 46, -3*l + q = -67. What is the units digit of l?
2
Let x = 234 - 139. What is the tens digit of x?
9
Let p(g) = -g**2 + 6*g - 1. Suppose -2*q = -0*q - 6. What is the units digit of p(q)?
8
Let c(s) = s + 1. Let a = 8 - 5. Su